(i) = -4*i - 45. Let x(s) = -2*f(s) - k(s). What is x(12)?
17
Suppose 0 = 3*z - 4 - 5. Let x(m) = 89*m + z*m**2 - 32*m - 24*m - 33*m. Give x(-1).
3
Suppose -9 = -3*f - 0, 5*u + f + 47 = 0. Let x be (-6)/u + (-66)/(-15). Suppose x*d - 33 + 8 = 0. Let a(j) = j**3 - 5*j**2 - 3. Give a(d).
-3
Let b(z) = -55*z - 520. Let c(t) = 37*t + 347. Let g(a) = 5*b(a) + 7*c(a). Calculate g(-11).
5
Let t(y) = y**2 - 2*y - 1. Let m be ((-14)/(-3))/((-5)/(-945)*14). Suppose 22*c - m*c + 82 = 0. What is t(c)?
-1
Suppose 5 = i + 9. Let l(y) = -y - 2. Let v(h) = 2*h + 1. Let d(w) = i*l(w) - 3*v(w). What is d(-7)?
19
Suppose 0 = 4*c - 2 - 2. Let y(k) = -k - k**2 + k + k - 2*k + 0*k**2. Calculate y(c).
-2
Let l(c) = 30*c + 1. Let y(v) = 251*v + 18. Let d(h) = 8*l(h) - y(h). Determine d(1).
-21
Let m(t) = 29 + 4*t - t**2 + 5 - 18. Calculate m(8).
-16
Let f(i) = -i**3 + 14*i**2 - 26*i + 20. Let a be f(12). Let g(x) = 15*x + 12. Calculate g(a).
-48
Let v(q) = -2*q**3 + 0*q**3 - 5*q + 12 + 11*q**2 - q**3 - 19. Let b(y) = -2*y**3 + 6*y**2 - 3*y - 4. Let w(c) = -5*b(c) + 3*v(c). What is w(-4)?
-17
Suppose -9*f = -45 + 90. Let g(o) = 1 - o**2 - 2 + 86*o - 47*o - 44*o. What is g(f)?
-1
Let s(q) be the third derivative of q**6/120 - 2*q**5/15 - q**4/3 + 2*q**3/3 - 893*q**2. Determine s(9).
13
Suppose 136 - 50 = -2*f + 64. Let y(n) = -3*n - 42. Determine y(f).
-9
Let s(o) = -2*o**2 - 7*o + 2. Let h(m) = 4*m + 143. Let k = -130 - -93. Let q be h(k). Give s(q).
-13
Let z(l) = -1. Suppose -1 = j + 3*s - 0*s, 5*j + 3*s - 19 = 0. Let n(o) = 6 + 8*o + 0*o - 4*o + o. Let y(c) = j*z(c) + n(c). Give y(-2).
-9
Let v(k) = k**3 - 5*k**2 + 2*k + 3. Let a(r) = -r**3 + 30*r**2 - 29*r + 3. Suppose -4*h + 33 = -83. Let i be a(h). What is v(i)?
-9
Let t(m) = -m. Suppose -4*p + 4 + 4 = 0. Suppose -2 = 2*x + p*u + 6, -4*u = -5*x - 29. Let k = x + 6. Determine t(k).
-1
Let y(i) = -263 + 97 + 96 + 9*i + 0*i + 99. Let h(v) = -5*v - 14. Let z(r) = 11*h(r) + 6*y(r). Determine z(20).
0
Let x(c) = -6*c - 47. Suppose -842*j + 160 = -862*j. Give x(j).
1
Let u(d) be the first derivative of -d**4/4 - d**3/3 + 3*d**2 + d + 32. Let z be -3*(3 + 10/(-6)). Give u(z).
25
Let i(j) = -j**2 + 16*j - 61. Let f be i(6). Let l(b) = 8*b**3 - 2*b**2 + b + 3. Calculate l(f).
-8
Let i(s) = -3*s + 29. Let j(k) = k - 8. Let c be j(17). Let x be i(c). Suppose 6*l + 24 = x*l. Let n(y) = -y**2 - 4*y + 3. What is n(l)?
-9
Let m(a) = 0*a - 54 + 398 + 3*a - 362 + 8*a. Determine m(-7).
-95
Let q(f) = 2 + 0 - 4*f**3 + 8604*f**2 + 9*f**3 - 8603*f**2 - 3*f. Calculate q(1).
5
Let r(t) = t**3 - 17*t**2 - 16*t - 20. Let c = -3137 + 3155. Determine r(c).
16
Let r(t) be the first derivative of -t**4/4 - 11*t**3/3 - 5*t**2/2 - 69*t + 3450. What is r(-11)?
-14
Let i(z) = -z**3 - 6*z**2 - 13*z - 8. Let s = 14575 - 14580. Determine i(s).
32
Let i(m) = 9*m**2 - 22*m**2 + 12*m**2 - 5*m - 7. Let b(d) = d**2 + 6*d + 8. Let c(g) = 6*b(g) + 7*i(g). Determine c(1).
-1
Let c(w) = -25*w - 4 + 45*w**2 + 18*w + 45*w**2 - 91*w**2. Let t be 9/2 + (-2)/4. Suppose 0 = p - 0*p + t. Calculate c(p).
8
Let g(v) = 3*v**2 - 10*v. Let l(d) = -d**2 + 4*d. Let a(c) = 4*g(c) + 11*l(c). Let r = -26 - -6. Let i be 55/r + 2/(-8). Give a(i).
-3
Let t(j) be the third derivative of -j**6/120 - 2*j**5/15 - j**4/12 - 10*j**3/3 - 79*j**2 + j. Let x be t(-8). Let m(v) = -2*v**2 - 4*v - 3. Give m(x).
-19
Let x(v) = 109*v + 57. Let y(i) = -38*i - 21. Let s(z) = 6*x(z) + 17*y(z). What is s(11)?
73
Let s(o) be the third derivative of -o**6/72 + o**5/60 - o**4/8 - o**3/6 - 2*o**2. Let b(t) be the second derivative of s(t). Give b(2).
-18
Let l = -570 - -574. Let t(k) = 13*k**3 + 2*k - 2 + 3 - 4*k - l*k**2 - 17*k**3 + 2*k**3. Determine t(-2).
5
Suppose -6 = 2*t - 0*t. Let q(c) = 0*c**2 + 546 - 2*c**2 + 3*c - 534 + c**2. Determine q(t).
-6
Let u(b) = b**2 + 4*b - 4. Suppose 15*g - 31*g + 48 = 0. Let x be (2 - g) + (-4)/(4/2). What is u(x)?
-7
Let n(u) = u - 9 - 10 - 15 + 29. Let k(b) = 2*b**2 + 9*b - 1. Let z be k(-5). What is n(z)?
-1
Let w(t) = -t + 4. Let q be (-1 - 8)*(-24)/(-72). Let f be (q/(-5))/((-13)/(-130)). Determine w(f).
-2
Let z(u) be the third derivative of 1/8*u**4 + 11*u**2 - 4*u + 0 + 7/6*u**3. Give z(-4).
-5
Suppose 303 - 455 = 2*m. Let g = m - -93. Let w(f) = -f**2 + 17*f. Determine w(g).
0
Suppose -114 - 2280 = -126*y. Let z(o) = -o**2 + 23*o - 42. Determine z(y).
34
Let f(d) = 37*d - 54*d - 1 - 6*d. Let q(v) = -8*v - 57. Let m be q(-7). Calculate f(m).
22
Suppose -3*q = n + 263, q - 5*n + 81 = -2*n. Let v = -57 - q. Let z(w) = -67*w + 1 + 38*w + 0 + v*w. Give z(-4).
-3
Suppose 0 = -n - 9*x + 14*x - 1, 3*x = -4*n + 42. Suppose g = -u - n, 0 = -11*u + 8*u - 9. Let w(r) = r**2 + 6*r - 3. Give w(g).
-3
Let m(j) be the first derivative of -j**4/12 - j**3/2 + 19*j**2/2 + 82. Let v(n) be the second derivative of m(n). Give v(-7).
11
Suppose -721*r - 288 = -729*r. Suppose t - r = -30. Let a(q) = -q + 11. What is a(t)?
5
Let w(i) be the third derivative of 5*i**4/12 + 37*i**3/2 - i**2 - 2. Calculate w(-12).
-9
Let r(d) = 13*d**2 - 15*d - 8. Let b(c) = c**2 - 2*c - 2. Let w(y) = -6*b(y) + r(y). Determine w(1).
8
Let i(j) = 71 - 31*j + 27*j + 19*j - 23*j. What is i(11)?
-17
Suppose -11*u + 106 = -13*u. Let b = u - -55. Let k(g) = g - 1. Give k(b).
1
Let i(w) = -5*w + 1. Let t(r) = 6*r**2 - 38*r + 11. Let n be t(6). Let c(k) = -1 + 0*k + k + 0. Let g(a) = n*i(a) - 4*c(a). Give g(-4).
-1
Let g(c) = -c**3 + 7*c**2 - 10*c + 3. Suppose 8*m = 180 - 140. Calculate g(m).
3
Let s be (-8 + (-155)/(-10))/(6/(-4)). Let w(t) = 3 - 6*t + 25*t**2 + 34*t**2 - 61*t**2. Give w(s).
-17
Let o(i) = 8*i**2 - i - 1. Suppose -10 = 4*p + 2*x, 6*p = p - x - 5. Let j be 5 + (2 - -2 - 3). Let u be (-6)/10 + p - j/15. Determine o(u).
8
Let t(k) = 165*k - 326*k - 12 + 162*k - 7 + 21. Calculate t(14).
16
Let k(w) be the third derivative of -w**6/120 + w**5/10 + 5*w**4/12 - 5*w**3/6 - 82*w**2. Suppose -19*p = -27*p + 56. Determine k(p).
16
Let a = -17 + 12. Let x(s) = 112646 + 112673 - 225327 - s. Calculate x(a).
-3
Suppose 6*g = 2*g + 3*n + 24, g - 7 = n. Let f(y) = 2*y - 3. Let o(p) = 3*p - 3. Let h(x) = g*o(x) - 4*f(x). Calculate h(3).
6
Let z(y) = -6*y - 25. Let n(q) = -3*q + 6*q + 2*q + 43 + 6*q - 5. Let d(r) = 5*n(r) + 8*z(r). Give d(3).
11
Let h(c) = 29 + c**3 + 15652*c + 0*c**2 - 15665*c + 0*c**2 + 6*c**2. Let t be h(-8). Let l(g) = g**3 - 5*g**2 - g + 7. Calculate l(t).
2
Suppose -30 = -6*s + 3432. Suppose 0*r - 4*k + 460 = 4*r, -s = -5*r - 3*k. Let a = r - 107. Let d(y) = y. What is d(a)?
9
Let n(t) = 17*t**3 + 13*t**2 - t - 71. Let d(b) = 3*b**3 + 3*b**2 - 14. Let k(w) = -11*d(w) + 2*n(w). Determine k(6).
-36
Let c(z) = -3*z**2 + 15*z + 35. Let h(y) = -17*y**2 + 76*y + 177. Let u(d) = -11*c(d) + 2*h(d). What is u(-9)?
5
Let s(b) = 2*b - 1. Suppose -2*k + 103 = 3*f, 8*f + 68 = k + 4*f. Suppose 0 = -20*x - 76 + k. Give s(x).
-3
Let w(t) = t**2 + 2*t - 1. Let u be w(1). Suppose -u*r - 3 = 3, -14 = 2*d + 2*r. Let y(p) = 6*p - 13*p**2 - 2*p - 2 + 0 + p**3 + 18*p**2. Determine y(d).
-2
Let f(m) = m**2 - m + 1. Suppose 4*a + 20 = -3*i, -2*i - 3 - 15 = -2*a. Give f(i).
73
Suppose -15 = -3*t + 3. Let c(m) be the second derivative of m**3/3 - 2*m**2 - 27*m. What is c(t)?
8
Let t(c) be the second derivative of c**5/20 + 7*c**4/6 + 23*c**3/6 - c**2/2 - 11*c + 87. What is t(-12)?
11
Let m be 4*1 - ((5 - -23) + 0). Let u(c) = -c**2 - 22*c + 54. Calculate u(m).
6
Let x(d) = -d**3 + d**2 - 1. Suppose 0*p + 1710 = 18*p. Suppose 91*i = p*i. What is x(i)?
-1
Suppose 112*q - 530 = 102*q. Suppose -q*t = -31*t + 110. Let w(y) = -y**3 + y + 4. Let v(k) = k**2 + k. Let a(z) = -6*v(z) + w(z). Determine a(t).
4
Let y(x) = 333 - 667 - 22*x**2 + x**3 - 12*x - 12*x + 314 + 3*x. Give y(23).
26
Let h(l) = -81*l + 164. Let d be h(2). Let w(t) = -19*t**2 + 7*t - 2. Calculate w(d).
-64
Let u(c) be the third derivative of -1/3*c**3 + 0 + 0*c + 1/12*c**4 - 27*c**2. Let z(b) = 1. Let r(x) = u(x) + 2*z(x). Determine r(-5).
-10
Let u(x) be the third derivative of -x**4/6 + 49*x**3/6 - 1869*x**2 + x. Calculate u(8).
17
Let i(f) = 6*f + 2. Let b = 516 - 468. Suppose b*s - 23*s + 25 = 0. Determine i(s).
-4
Let d(u) = 137*u + 281. Let j be d(-2). Let h(y) = y**2 - 8*y - 6. What is h(j)?
-13
Let z(j) be the first derivative of j**7